- -168. What is the highest common divisor of 336 and s?
14
Let r = 327 - 165. Calculate the greatest common factor of 36 and r.
18
Suppose -5*c + 169 = 2*r + 2, 0 = -4*r + 5*c + 289. Calculate the greatest common factor of r and 266.
38
Let k = -7 + 50. What is the highest common divisor of k and 301?
43
Let h = 191 + -32. Suppose -2*k = -5*o - 67, h = 4*k - o - 4*o. Let w be 2/12 - k/(-12). Calculate the greatest common divisor of w and 6.
2
Suppose 5*g - 4*w = 12 + 3, 0 = 4*g + 5*w - 53. What is the greatest common divisor of 1 and g?
1
Let j(u) = u**3 - 10*u**2 - 2*u - 221. Let k be j(15). What is the greatest common divisor of k and 38?
38
Suppose 105 = 8*j - 3*j. Let n be 7/2*(60 - 6). What is the greatest common factor of j and n?
21
Let x(c) = 13*c + 485. Let s be x(-37). Let u be (-3)/((-4)/(608/6)). What is the greatest common divisor of s and u?
4
Let o = 372 + -282. Calculate the highest common divisor of o and 45.
45
Suppose 4*z = -z + 1250. Let s = z - 107. Suppose 3*j = 253 + s. What is the highest common factor of j and 33?
33
Let w(t) = 4*t**2 + 24*t - 220. Let g be w(14). Calculate the greatest common factor of 36 and g.
36
Suppose 3*h - h = 8. Let a be (2/(-6))/((-11)/1023). Suppose g = -3*r - 0*g + 43, -r + 3*g = -a. What is the highest common divisor of h and r?
4
Let t(d) = -d**3 - 2*d**2 - 5. Let i be t(-3). Let r = i + 19. Calculate the highest common factor of r and 115.
23
Suppose 3 = -2*j + 51. Let p be ((-4)/(-5))/((-1)/(-85)). Let w = p + -56. What is the highest common factor of w and j?
12
Let b(n) = n**2 - 2*n + 682. Let f be b(0). What is the greatest common factor of f and 62?
62
Let s = 850 - 418. Calculate the greatest common factor of 16 and s.
16
Let m(i) = 19*i**2 - 2*i + 3. Let d be m(-5). Let k be (-2)/12 + d/48. Let a = 14 - k. Calculate the highest common divisor of a and 6.
2
Let u(p) be the third derivative of p**6/120 - p**5/30 - p**4/3 - 5*p**3/3 + 16*p**2. Let r be u(6). Calculate the greatest common divisor of 43 and r.
43
Suppose 2*b - 4 = -4*v, -3 = 3*v + 4*b - 1. Suppose 0 = -f - 2*f - 3*q + 132, 0 = 4*f + v*q - 178. What is the greatest common divisor of f and 18?
9
Let u(d) = -4*d - 2*d**2 + 3*d - 5 + 6*d**2. Let m be u(-4). Let r(b) = 4*b**2 + 9*b + 12. Let n be r(-3). Calculate the greatest common factor of m and n.
21
Suppose 5*s - 108 = 142. What is the highest common divisor of 190 and s?
10
Suppose -103 + 107 = t. What is the highest common divisor of t and 13?
1
Suppose -3*d + 102 = -m + 3*m, 2*d + 2*m - 70 = 0. Let t(n) = 199 - n**2 - 199 - 5*n. Let f be t(-4). What is the greatest common divisor of d and f?
4
Suppose -2*y - 3*y = -455. Suppose 3*n - 3 - 16 = 5*m, -2*n + 14 = -3*m. What is the highest common factor of n and y?
13
Suppose -15*k + 51 + 24 = 0. Suppose -k*g - 39 = -144. Calculate the greatest common divisor of g and 6.
3
Let y(o) = 6*o + 10. Let g be y(-12). Let w = 53 - g. What is the greatest common factor of w and 46?
23
Let m = 319 - 317. Calculate the highest common factor of m and 63.
1
Let b be -1 - -321 - 0/(-26 + 0). Calculate the highest common factor of 40 and b.
40
Let t(p) = 4*p**2 - 2*p + 6. Let g be t(-5). Suppose -17*y = -g - 105. Calculate the highest common factor of y and 39.
13
Let v = 2 - -145. Suppose 0 = -21*s - 99 + 540. What is the greatest common divisor of v and s?
21
Let u = 43 - 11. Suppose 5*v = -0*v + 120. Calculate the highest common factor of u and v.
8
Let z(p) = -5*p**2 + 124*p + 35. Let a be z(25). Calculate the greatest common divisor of 1730 and a.
10
Suppose -2*r - 2 = -5*u, 2*r + 5*u + 1 = 19. Suppose 0 = -r*a + 2*w + 24, -7*w + 3*w + 29 = 3*a. Calculate the greatest common factor of 7 and a.
7
Suppose -405 - 123 = -2*t. Let m = 31 + 2. Calculate the greatest common divisor of t and m.
33
Let o(h) = 6*h**2 + 5*h - 3. Let w be o(-4). Let q = -64 + w. What is the greatest common divisor of 54 and q?
9
Let u(p) = -23*p - 766. Let m be u(-34). Calculate the greatest common divisor of 108 and m.
4
Suppose i - 2*q = 17, -i + 14*q - 10*q + 11 = 0. What is the highest common divisor of 115 and i?
23
Let y = -641 + 654. Let b = 173 + -87. Suppose 5*w - b = -r, 4*r - 3*w - 365 = -2*w. Calculate the highest common divisor of y and r.
13
Let a(w) = -w + 7. Let m be a(7). Suppose -5*v + 402 - 77 = 0. Let p be v - (m - -3)/(-3). Calculate the greatest common divisor of 6 and p.
6
Let v = -63 - -74. What is the greatest common factor of 11 and v?
11
Let n = -92 + 97. Suppose -n*j - 21 = -6*j - p, -4*j + 91 = -3*p. What is the highest common factor of 55 and j?
11
Suppose -144*z = -148*z + 340. What is the greatest common divisor of z and 45?
5
Suppose -4*v = -3*f - 4, 7*v = -4*f + 6*v + 20. Suppose -23*y + 24*y = 10. What is the greatest common divisor of y and f?
2
Let s be 34/8 - 1/4. Suppose -3*l - 26 = -2*j, -l + 0*l + 2 = 0. Let y be ((j - 4) + 2)*2. Calculate the highest common factor of s and y.
4
Let p(l) = 3*l - 26. Let u be p(8). Let s be (u - -2) + (4 - -348). What is the greatest common factor of s and 32?
32
Suppose 12*h = 10*h + 116. Suppose n + h = 5*u, -4*u + 4*n + 40 = -0*u. Calculate the highest common factor of 3 and u.
3
Let a(s) = -s**2 + 6*s - 8. Let m be a(4). Suppose m = 5*l - 0 - 120. What is the greatest common factor of 16 and l?
8
Let u(w) = 2*w**2 + 9*w + 6. Let f be u(-7). Calculate the greatest common factor of f and 328.
41
Let d(f) = -11*f + 75. Let p be d(0). Let r = p - 24. What is the greatest common factor of 3 and r?
3
Let v(j) = -5*j - 29. Let y be v(-6). Let l be ((y - -2) + 47)/1. What is the greatest common factor of l and 20?
10
Let a be 3322/55 - (13/(-5) + 3). Let t = -4 - -16. Calculate the highest common divisor of t and a.
12
Let k(g) = -g**2 - 9*g + 12. Let p be 1*10/6*-6. Let r be k(p). Let h be (3 + r - 2) + 7. Calculate the highest common divisor of 40 and h.
10
Let w = 335 - 296. What is the highest common divisor of w and 351?
39
Suppose -6*h + 80 = 2*v - 2*h, 0 = -2*v + 5*h + 62. Let r = -32 + v. What is the highest common factor of 28 and r?
4
Let b be (-1 - 31)*(-6)/8. Let n be (6/(-4) - -3)*-18. Let c = 43 + n. Calculate the greatest common divisor of b and c.
8
Let r be (14/3*-1)/((-28)/10038). Calculate the greatest common factor of 7 and r.
7
Suppose 48 = 3*g - 27. Suppose -2*w - g = -7. Let m(h) = -h**3 - 9*h**2 - 7*h - 9. Let d be m(w). Calculate the greatest common divisor of d and 18.
18
Suppose -4*w = w - 5. Let n = w - -17. Calculate the highest common factor of 72 and n.
18
Let o be 28/21*(-3)/(-2). Let r be (-486)/(-2) + 2 + o + -4. What is the greatest common divisor of r and 27?
27
Let j be 3/(-2)*92/6. Let l = j - -9. Let a = l + 26. What is the greatest common factor of a and 30?
6
Suppose 0 = -35*h - 10*h + 3510. What is the greatest common divisor of h and 1794?
78
Let a be 1*4 - (13 - 16). Suppose 0 = -a*b + 12*b - 50. Let n = -74 + 124. Calculate the highest common divisor of b and n.
10
Let r = -41 + 42. Let k be (-1)/((-1)/r) - (2 - 97). Calculate the highest common divisor of k and 12.
12
Let k(a) = 5*a**2 + 12*a - 9. Let r be k(-8). Calculate the greatest common factor of 129 and r.
43
Suppose 3*y = 79 - 67. Suppose -8 = y*p - 2*p, -3*s - 4*p = -68. What is the highest common factor of s and 84?
28
Suppose -4*u - 44 = -4*g, -53*u = -48*u + 5. Let r be (3 - 5) + (12 - 0). What is the highest common factor of r and g?
10
Let r(x) = -2*x**2 + 4*x - 7. Let m(n) = -5*n**2 + 11*n - 21. Let j(p) = 3*m(p) - 8*r(p). Let h be j(-4). What is the greatest common divisor of h and 40?
5
Let u(f) = -2*f**2 - 50*f + 21. Let q be u(-25). Calculate the highest common factor of q and 7.
7
Let h(t) = -5*t + 61. Let q be h(11). Calculate the highest common divisor of 1446 and q.
6
Let h be (11/22)/(1/98). Calculate the highest common factor of 7 and h.
7
Let s(b) = 2*b**2 + 3*b**2 - 32 + 3*b + 31. Let x be s(1). Calculate the greatest common divisor of 28 and x.
7
Let d = -5 - -1. Let o be 8/(d + 14/3). Calculate the highest common factor of o and 84.
12
Let w(f) = 369*f + 45. Let z be w(1). Calculate the highest common divisor of 54 and z.
18
Suppose 0 = 3*b + 3*o - 177, -10*o + 14*o + 148 = 2*b. What is the highest common divisor of b and 24?
8
Suppose 36 = -j - z - 27, -3*z + 1